)/18?
15
Let u be (-98)/(-5) - (-10)/25. Let h = u + -8. Calculate the remainder when 34 is divided by h.
10
Suppose 3*y + 7 = 4*p + 3, y + 28 = -4*p. Let h = -5 - y. What is the remainder when h is divided by 1?
0
Let k(o) = -o**3 - o**2 + o - 1. Let w(q) = 5*q**3 - 10*q**2 + 8*q + 22. Let n(x) = 4*k(x) + w(x). Calculate the remainder when 7 is divided by n(13).
2
Suppose 0*b = -b + 6. What is the remainder when 16 is divided by b?
4
Let d = 3 - -2. Suppose 0 = 5*c + 16 + 4, 4*c = 5*x - 91. Calculate the remainder when x is divided by (7/d + -1)*20.
7
Let p(k) = k**3 - 7*k**2 - 8*k + 11. Suppose 2*n + 24 = 5*n. Suppose 4*c - 100 = -5*v - 16, 2*v - 105 = -5*c. Calculate the remainder when c is divided by p(n).
10
Calculate the remainder when 40 is divided by ((-112)/12)/((-16)/36).
19
Suppose -3*g = -0*g - 117. What is the remainder when g is divided by 20?
19
Let p(r) = -9*r + 1. Let w be p(2). Let i = w - -35. Suppose u + 5 = -5*x + 54, 5*u - 158 = 4*x. What is the remainder when u is divided by i?
16
Let g(w) = -w + 9. Suppose 2*b = h - 9, -3*h - 2*b + 4*b = -15. Suppose 5*q - h*q = 14. What is the remainder when 4 is divided by g(q)?
0
Suppose n = -0*n + 5. Calculate the remainder when 13 is divided by n.
3
Let z(g) = g**2 + g - 7. Calculate the remainder when z(5) is divided by 13.
10
Let c(w) = w**3 + 4*w**2 - 2*w + 3. Let k be c(-5). Let y = k - -14. Calculate the remainder when 3 is divided by y.
1
Let l = 3 - -12. What is the remainder when 58 is divided by l?
13
Suppose -3*y = -3*n + 24, 0*n - 5*y = 3*n. Calculate the remainder when 1/((-6)/(-38 - 4)) is divided by n.
2
Suppose 2*v = -7 + 35. Let q(n) = -n**2 + 6*n + 5. Calculate the remainder when v is divided by q(6).
4
Let q(d) = -6*d - 9. Let o(b) = -2*b - 3. Let i(j) = -7*o(j) + 2*q(j). Calculate the remainder when 43 is divided by i(6).
13
Let n = 6 + 0. Suppose y + 1 = 4*t - 1, 0 = t + 3*y - 7. Calculate the remainder when (19 - t) + -1*2 is divided by n.
4
What is the remainder when 41 is divided by 9/((-36)/(-64)) + -2?
13
Suppose 0 = 2*x - 0*x - 104. Calculate the remainder when x is divided by 18.
16
Let p = -16 - -10. Let v(f) = -3*f - 6. Suppose 4*u + 3*j = -0*u + 40, -2*u + j = -10. What is the remainder when v(p) is divided by u?
5
Let s be (2 + -3)*(-2 + 1). Let i = s + 13. What is the remainder when 54 is divided by i?
12
Let a(k) = -k**3 - 2*k**2 - 4*k + 4. What is the remainder when a(-5) is divided by 25?
24
Suppose 4*b - 4 = -r, -1 = -2*b - 3*r + 1. Suppose 4*c = 3*f - 9, -5*f + 7 = -3*c - 19. Calculate the remainder when 3/(-9)*(1 - f) is divided by b.
0
Suppose 2*u = -5*x + 18, u = -2*x + 4*u - 8. What is the remainder when 4 is divided by x?
0
Let c(q) = q**3 + 4*q**2 + 2*q + 5. Let b be c(-4). Let u = b - 5. Let y(n) = n**2 + 9*n + 10. What is the remainder when 5 is divided by y(u)?
1
Let d be 114/9*9/6. Let x = 48 - d. What is the remainder when x is divided by 16?
13
Suppose -4*u + c + 4 = -c, 3*u + 5*c + 10 = 0. Suppose u*z = -4*z - g + 55, -4*z = -3*g - 59. Let d = -27 + 53. What is the remainder when d is divided by z?
12
Suppose -5*d + 45 + 52 = 2*c, 101 = 5*d + c. What is the remainder when 287/(-14)*(-4)/1 is divided by d?
19
Let i(z) = 14*z**3 - z**2 + z. Let r = 12 + -7. What is the remainder when 2 + -1 + r*5 is divided by i(1)?
12
Let o(q) = q + 5. Let t(b) = b**2 - 3*b + 6. Calculate the remainder when o(14) is divided by t(4).
9
Suppose -3*g - 2*g - 25 = 0, -g = m - 19. Calculate the remainder when m is divided by 14.
10
Suppose -5*q - 3*t + 63 = -q, 5*t - 39 = -3*q. Suppose -q = 3*m - 51. Suppose 4*w = -20, 5*u - w - 2*w = 220. What is the remainder when u is divided by m?
8
Let t(b) = -3*b. Suppose 3*z + 5*f - 28 = 51, -z - 2*f + 26 = 0. What is the remainder when z is divided by t(-5)?
13
Calculate the remainder when 44 + 5 + -2 + -4 is divided by 22.
21
Let l(z) be the first derivative of z**3/3 + 2. What is the remainder when 25 is divided by l(3)?
7
Let c = -15 + 27. Suppose 0 = -2*i - 3*x + 38 + c, 0 = 5*i + 4*x - 118. Calculate the remainder when 41 is divided by i.
19
Let g be (109 - 9)/(1/1). Suppose 4*x - 4 = g. What is the remainder when x is divided by 7?
5
Let l(y) = y**3 - y**2 - y + 8. Let d be l(0). Suppose 4 = -4*p + 60. What is the remainder when 324/d - (-3)/(-6) is divided by p?
12
Let g(q) = -q**2 - 6*q - 2. Let v be g(-5). Suppose -v*k - 256 = -7*k. Let s = k + -35. Calculate the remainder when s is divided by 8.
5
Let i be 126/8 - (-3)/12. Let a = 11 - i. Let z = a + 16. What is the remainder when z is divided by 4?
3
What is the remainder when 11 is divided by ((-12)/8)/(-3)*6?
2
Let j be (-2)/6 - (-7)/3. Let y = -17 - -33. Let l = j + y. What is the remainder when l is divided by 10?
8
Suppose -y + 3*a = 0, 2*a + 6 = 4*y - 4. Suppose -5*v + 5*s = -45, -v + 3*s - y + 10 = 0. Calculate the remainder when 29 is divided by v.
9
Let j(m) = -2*m + 10. What is the remainder when j(-7) is divided by 14*(2/(-2))/(-2)?
3
Let q = 350 - 726. What is the remainder when (-2)/3 + q/(-6) is divided by 16?
14
Let n = 203 - 117. Suppose -n = -3*o + 64. What is the remainder when o is divided by (34/8)/(1/4)?
16
Let s(c) = -c**3 - 6*c**2 - c - 2. Calculate the remainder when 11 is divided by s(-6).
3
Let q be (-28)/(-6) + (-3)/(-9). Let p = 4 + q. Let v = p + -4. What is the remainder when v is divided by 3?
2
Let v(q) = q + 5. Suppose z = 4*z. Calculate the remainder when 9 is divided by v(z).
4
Let k(b) = 3*b - 6. Let c be k(7). Suppose v + c = 2*v. Suppose -5*z + 7 - v = -2*q, 0 = -q - 5*z + 4. Calculate the remainder when 10 is divided by q.
2
Suppose -3*c + n + 21 = 0, -c - n = -0*n - 3. Suppose -c*z = -z - 20. Suppose 33 = 3*m - 0*m. What is the remainder when m is divided by z?
3
Let y(p) = 5*p**2 + 2*p + 2. What is the remainder when 69 is divided by y(-2)?
15
Suppose 5*y + 0*y = r - 13, 5 = 3*r + 2*y. What is the remainder when r/(-6)*1*-2 is divided by 1?
0
Let y(i) = 5*i**2 + 39*i - 2. Calculate the remainder when y(-9) is divided by 15.
7
Let x(w) = w**2 - w. Let o be x(2). Calculate the remainder when o - (-2 + (-2 - 7)) is divided by 4.
1
Suppose x - 14 = -x. Let d be 3/6*1*-2. Let g = x + d. Calculate the remainder when 11 is divided by g.
5
Let b(t) = 3*t. What is the remainder when b(6) is divided by 10?
8
Suppose a - 4*a = 4*f - 200, -4*a - f + 271 = 0. Suppose 3*j + j = a. Calculate the remainder when 50 is divided by j.
16
Let c = 274 - 135. Calculate the remainder when c is divided by 47.
45
Let o be (-2)/(-4) - 31/(-2). Let w = 13 + -21. Let k = o + w. Calculate the remainder when 22 is divided by k.
6
Let a = -6 + 22. Calculate the remainder when 76 is divided by a.
12
Let l(c) = c**3 - c**2 - c + 8. Let n be l(0). Suppose -5*q = 5*o - 120, 0 = o - 4*q - 37 + n. What is the remainder when o is divided by 13?
12
Suppose 4*f - 191 = 113. Let i = f + -44. Suppose -2*m = -i + 12. Calculate the remainder when 29 is divided by m.
9
Suppose -3*z + 5*r = -61, z = -0*z - 5*r - 13. Calculate the remainder when 43 is divided by z.
7
Let v = -8 - -13. Suppose 3*n - v = 22. Calculate the remainder when 25 is divided by n.
7
Let z = 153 - 126. Calculate the remainder when 33 is divided by z.
6
Let h = -22 - -32. Suppose 0 = c - h + 2. Calculate the remainder when c is divided by 5.
3
Let j = -113 - -117. Calculate the remainder when 9 is divided by j.
1
Let o(x) be the second derivative of 2*x + 0 + 5/2*x**2 + 1/3*x**3 + 5/12*x**4 - 1/20*x**5. Calculate the remainder when o(4) is divided by 10.
9
Let x(b) = -b + 18. What is the remainder when x(9) is divided by 3?
0
Suppose -2*m = 3*m - 110. Let n(r) = 38*r + 2. Let l be n(5). Suppose 3*a = -0*a + l. What is the remainder when a is divided by m?
20
Let m = 2 + 3. Let v be (5 + -2 - 2)*-114. What is the remainder when (-1)/4 - v/8 is divided by m?
4
Suppose -z = -10*z + 306. What is the remainder when 98 is divided by z?
30
Suppose 2*y + 12 = 26. What is the remainder when 24 is divided by y?
3
Suppose 81 = 6*j - 165. What is the remainder when 161 is divided by j?
38
Suppose -3*m + 3 + 6 = 0. Suppose m*v - 29 = -2*i, -v - 6 = -5*i + 24. Calculate the remainder when 11 is divided by i.
4
Suppose -2*a + 3*p + 14 = 0, -4*p = -a - 0*a + 17. Suppose 0 = -2*k - a + 7. Calculate t